e factors of 17288246.
2, 8644123
List the prime factors of 545603730.
2, 3, 5, 7, 47, 53, 149
List the prime factors of 2271907517.
11, 79, 2614393
What are the prime factors of 51576918?
2, 3, 8596153
List the prime factors of 2829231907.
2829231907
What are the prime factors of 13868637?
3, 4622879
List the prime factors of 639047063.
3557, 179659
List the prime factors of 2140397221.
59, 36277919
What are the prime factors of 5935710?
2, 3, 5, 11, 17987
What are the prime factors of 740893328?
2, 7, 37, 25541
What are the prime factors of 6458711795?
5, 191, 6763049
List the prime factors of 706284977.
706284977
List the prime factors of 485539692.
2, 3, 11, 29, 126839
What are the prime factors of 1603136?
2, 37, 677
List the prime factors of 75701767.
6287, 12041
List the prime factors of 1023046265.
5, 13711, 14923
List the prime factors of 1994726.
2, 31, 32173
List the prime factors of 311667325.
5, 12466693
What are the prime factors of 48574710?
2, 3, 5, 29, 37, 503
What are the prime factors of 208445755?
5, 7, 17, 50047
What are the prime factors of 4601524?
2, 277, 4153
What are the prime factors of 54339616?
2, 17, 23, 43, 101
What are the prime factors of 94015511?
83, 193, 5869
What are the prime factors of 626346012?
2, 3, 41, 379, 3359
List the prime factors of 57649892.
2, 14412473
List the prime factors of 32666674.
2, 71, 230047
List the prime factors of 2435768661.
3, 2297, 353471
List the prime factors of 122362716.
2, 3, 7, 29, 50231
What are the prime factors of 467809403?
467809403
List the prime factors of 145208321.
97, 367, 4079
What are the prime factors of 20333043?
3, 97, 23291
What are the prime factors of 110364262?
2, 55182131
What are the prime factors of 109854133?
4373, 25121
List the prime factors of 2886293219.
1301, 2218519
List the prime factors of 85306481.
13, 6562037
List the prime factors of 52747899.
3, 179, 98227
List the prime factors of 194105373.
3, 7, 11, 823, 1021
List the prime factors of 142646436.
2, 3, 331, 11971
What are the prime factors of 1196329807?
2003, 597269
What are the prime factors of 134464313?
61, 2204333
What are the prime factors of 75033327?
3, 353, 70853
List the prime factors of 10670621.
13, 67, 12251
What are the prime factors of 46898565?
3, 5, 7, 317, 1409
What are the prime factors of 34938671?
34938671
What are the prime factors of 899528017?
899528017
List the prime factors of 54360026.
2, 7, 19, 204361
What are the prime factors of 364628207?
13049, 27943
What are the prime factors of 492522752?
2, 1923917
What are the prime factors of 222481179?
3, 599, 41269
What are the prime factors of 99536728?
2, 103, 113, 1069
List the prime factors of 37718436.
2, 3, 7, 23, 2789
What are the prime factors of 168491898?
2, 3, 47, 277, 719
List the prime factors of 663705603.
3, 11, 2234699
List the prime factors of 9882868.
2, 571, 4327
List the prime factors of 52983729.
3, 53, 277, 401
What are the prime factors of 161806422?
2, 3, 31, 869927
What are the prime factors of 109372101?
3, 17, 2144551
List the prime factors of 546216672.
2, 3, 5689757
List the prime factors of 20949319.
41, 101, 5059
What are the prime factors of 531989286?
2, 3, 88664881
What are the prime factors of 326743740?
2, 3, 5, 17, 35593
What are the prime factors of 267638020?
2, 5, 13, 37, 43, 647
What are the prime factors of 61168071?
3, 20389357
List the prime factors of 544975421.
43, 12673847
What are the prime factors of 5430865069?
7, 37, 2995513
What are the prime factors of 11960391?
3, 23, 97, 1787
List the prime factors of 921025782.
2, 3, 983, 17351
List the prime factors of 269214762.
2, 3, 19, 199, 11867
List the prime factors of 13407926.
2, 7, 957709
List the prime factors of 2319750475.
5, 7, 1733, 7649
List the prime factors of 72120255.
3, 5, 4808017
List the prime factors of 96182470.
2, 5, 151, 63697
List the prime factors of 1069723058.
2, 29, 37, 503, 991
What are the prime factors of 504257795?
5, 1447, 69697
List the prime factors of 83833188.
2, 3, 17, 131, 3137
List the prime factors of 7205133285.
3, 5, 7, 643, 35573
List the prime factors of 2267115390.
2, 3, 5, 25190171
What are the prime factors of 12562087?
283, 44389
What are the prime factors of 24107478?
2, 3, 347, 11579
List the prime factors of 2073836926.
2, 7, 2339, 63331
What are the prime factors of 6465286?
2, 3232643
List the prime factors of 741981897.
3, 27480811
List the prime factors of 237512851.
313, 758827
What are the prime factors of 826215660?
2, 3, 5, 23, 66523
List the prime factors of 57409745.
5, 2153, 5333
What are the prime factors of 265184278?
2, 967, 137117
What are the prime factors of 906962476?
2, 7, 41, 829, 953
What are the prime factors of 95101789?
95101789
List the prime factors of 23652094.
2, 269, 43963
List the prime factors of 191558526.
2, 3, 157, 203353
What are the prime factors of 320508759?
3, 5273, 20261
What are the prime factors of 247224018?
2, 3, 41204003
List the prime factors of 22306741.
19, 109, 10771
List the prime factors of 5664258741.
3, 607, 1489, 2089
What are the prime factors of 24608694?
2, 3, 11, 372859
List the prime factors of 370246640.
2, 5, 23, 31, 6491
What are the prime factors of 3263645289?
3, 53, 20526071
What are the prime factors of 307119411?
3, 1097, 10369
List the prime factors of 89393772.
2, 3, 13, 683, 839
What are the prime factors of 738560443?
738560443
List the prime factors of 3153554935.
5, 630710987
List the prime factors of 1168135.
5, 307, 761
List the prime factors of 44653981.
31, 263, 5477
List the prime factors of 758369884.
2, 1327, 142873
What are the prime factors of 400654733?
23, 73, 238627
List the prime factors of 16198933.
37, 437809
List the prime factors of 307333874.
2, 367, 433, 967
List the prime factors of 449870552.
2, 409, 137491
What are the prime factors of 3844639166?
2, 1922319583
What are the prime factors of 80594064?
2, 3, 359, 1559
List the prime factors of 84890123.
84890123
List the prime factors of 84772802.
2, 23, 1842887
List the prime factors of 251986811.
8179, 30809
What are the prime factors of 3685369?
3685369
What are the prime factors of 43071234?
2, 3, 17, 422267
List the prime factors of 59229990.
2, 3, 5, 658111
List the prime factors of 27890588.
2, 11, 633877
What are the prime factors of 7616862304?
2, 67, 3552641
What are the prime factors of 26593430?
2, 5, 2659343
What are the prime factors of 114136212?
2, 3, 23, 413537
What are the prime factors of 3184203518?
2, 1592101759
List the prime factors of 237249468.
2, 3, 6590263
What are the prime factors of 36402707?
11, 281, 11777
What are the prime factors of 18043036?
2, 11, 3389
What are the prime factors of 70925079?
3, 89, 103, 2579
List the prime factors of 35432563.
35432563
What are the prime factors of 2464018822?
2, 1232009411
What are the prime factors of 17817480?
2, 3, 5, 43, 1151
List the prime factors of 373054929.
3, 13, 2579, 3709
What are the prime factors of 562437987?
3, 187479329
List the prime factors of 87706156.
2, 173, 126743
List the prime factors of 56818390.
2, 5, 173, 32843
List the prime factors of 46254502.
2, 7, 3303893
What are the prime factors of 490562919?
3, 7, 11, 19, 1129
List the prime factors of 36665327.
251, 146077
List the prime factors of 15270735.
3, 5, 23, 44263
What are the prime factors of 216865128?
2, 3, 9036047
List the prime factors of 3816682920.
2, 3, 5, 17, 623641
What are the prime factors of 975086075?
5, 83, 311, 1511
What are the prime factors of 854959505?
5, 170991901
What are the prime factors of 1490267864?
2, 157, 1186519
What are the prime factors of 4512053132?
2, 1128013283
List the prime factors of 4629587370.
2, 3, 5, 154319579
List the prime factors of 218352330.
2, 3, 5, 7, 67, 739
What are the prime factors of 273034796?
2, 68258699
List the prime factors of 29858334.
2, 3, 11, 37, 12227
What are the prime factors of 105554037?
3, 17, 2069687
List the prime factors of 972131415.
3, 5, 1531, 42331
What are the prime factors of 706537079?
706537079
What are the prime factors of 4534453433?
157, 28881869
What are the prime factors of 505933311?
3, 13, 17, 19, 40163
What are the prime factors of 15391626?
2, 3, 1093, 2347
What are the prime factors of